{"id":110,"date":"2021-10-03T10:57:00","date_gmt":"2021-10-03T10:57:00","guid":{"rendered":"http:\/\/192.168.56.111\/?page_id=110"},"modified":"2025-06-30T12:04:15","modified_gmt":"2025-06-30T10:04:15","slug":"bernudarza-rindas","status":"publish","type":"page","link":"https:\/\/www.smardesskola.lv\/?page_id=110","title":{"rendered":"Pirmsskolas rindas"},"content":{"rendered":"\n<figure class=\"wp-block-image size-full is-resized is-style-rounded\"><img loading=\"lazy\" decoding=\"async\" width=\"1024\" height=\"768\" src=\"http:\/\/www.smardesskola.lv\/wp-content\/uploads\/2022\/06\/6CE56405-BC25-4F4A-B2DD-F5BD7146554F.jpeg\" alt=\"Pirmsskolas b\u0113rni\" class=\"wp-image-804\" style=\"width:437px;height:auto\" srcset=\"https:\/\/www.smardesskola.lv\/wp-content\/uploads\/2022\/06\/6CE56405-BC25-4F4A-B2DD-F5BD7146554F.jpeg 1024w, https:\/\/www.smardesskola.lv\/wp-content\/uploads\/2022\/06\/6CE56405-BC25-4F4A-B2DD-F5BD7146554F-300x225.jpeg 300w, https:\/\/www.smardesskola.lv\/wp-content\/uploads\/2022\/06\/6CE56405-BC25-4F4A-B2DD-F5BD7146554F-768x576.jpeg 768w\" sizes=\"auto, (max-width: 1024px) 100vw, 1024px\" \/><\/figure>\n\n\n\n<p>\u0145emot v\u0113r\u0101 Sm\u0101rdes pagasta teritori\u0101lo pieder\u012bbu Tukuma novadam, pirmsskolas rind\u0101 vec\u0101kiem b\u0113rns ir j\u0101piesaka Tukuma novada Izgl\u012bt\u012bbas p\u0101rvald\u0113. Visa inform\u0101cija atrodama <strong><a href=\"https:\/\/www.tip.edu.lv\/lv\/pirmsskolas-vecuma-bernu-rinda\">\u0160EIT<\/a>.<\/strong><\/p>\n\n\n\n<p>Jaut\u0101jumu vai neskaidr\u012bbu gad\u012bjum\u0101 aicin\u0101m sazin\u0101ties ar iest\u0101di.<\/p>\n","protected":false},"excerpt":{"rendered":"<p>\u0145emot v\u0113r\u0101 Sm\u0101rdes pagasta teritori\u0101lo pieder\u012bbu Tukuma novadam, pirmsskolas rind\u0101 vec\u0101kiem b\u0113rns ir j\u0101piesaka Tukuma novada Izgl\u012bt\u012bbas p\u0101rvald\u0113. Visa inform\u0101cija atrodama \u0160EIT. Jaut\u0101jumu vai neskaidr\u012bbu gad\u012bjum\u0101 aicin\u0101m sazin\u0101ties ar iest\u0101di.<\/p>\n","protected":false},"author":1,"featured_media":0,"parent":0,"menu_order":0,"comment_status":"closed","ping_status":"closed","template":"","meta":{"ngg_post_thumbnail":0,"footnotes":""},"class_list":["post-110","page","type-page","status-publish","hentry"],"_links":{"self":[{"href":"https:\/\/www.smardesskola.lv\/index.php?rest_route=\/wp\/v2\/pages\/110","targetHints":{"allow":["GET"]}}],"collection":[{"href":"https:\/\/www.smardesskola.lv\/index.php?rest_route=\/wp\/v2\/pages"}],"about":[{"href":"https:\/\/www.smardesskola.lv\/index.php?rest_route=\/wp\/v2\/types\/page"}],"author":[{"embeddable":true,"href":"https:\/\/www.smardesskola.lv\/index.php?rest_route=\/wp\/v2\/users\/1"}],"replies":[{"embeddable":true,"href":"https:\/\/www.smardesskola.lv\/index.php?rest_route=%2Fwp%2Fv2%2Fcomments&post=110"}],"version-history":[{"count":16,"href":"https:\/\/www.smardesskola.lv\/index.php?rest_route=\/wp\/v2\/pages\/110\/revisions"}],"predecessor-version":[{"id":2608,"href":"https:\/\/www.smardesskola.lv\/index.php?rest_route=\/wp\/v2\/pages\/110\/revisions\/2608"}],"wp:attachment":[{"href":"https:\/\/www.smardesskola.lv\/index.php?rest_route=%2Fwp%2Fv2%2Fmedia&parent=110"}],"curies":[{"name":"wp","href":"https:\/\/api.w.org\/{rel}","templated":true}]}}