{"id":2250,"date":"2024-10-16T15:55:08","date_gmt":"2024-10-16T13:55:08","guid":{"rendered":"https:\/\/www.smardesskola.lv\/?page_id=2250"},"modified":"2024-10-16T15:55:08","modified_gmt":"2024-10-16T13:55:08","slug":"viegli-lasit","status":"publish","type":"page","link":"https:\/\/www.smardesskola.lv\/?page_id=2250","title":{"rendered":"Viegli las\u012bt"},"content":{"rendered":"\n<p><strong>Sm\u0101rdes pamatskola (turpm\u0101k tekst\u0101 \u2013 skola) ir pa\u0161vald\u012bbas dibin\u0101ta izgl\u012bt\u012bbas iest\u0101de.<\/strong><\/p>\n\n\n\n<h3 class=\"wp-block-heading\"><strong>Ko dara skola?<\/strong><\/h3>\n\n\n\n<p>Skola nodro\u0161ina izgl\u012bt\u012bbas ieguvi pamatizgl\u012bt\u012bbas un pirmsskolas izgl\u012bt\u012bbas l\u012bmen\u012b.<\/p>\n\n\n\n<p>Skola str\u0101d\u0101, lai izgl\u012btojamie apg\u016btu valst\u012b noteiktos sasniedzamos rezult\u0101tus septi\u0146\u0101s m\u0101c\u012bbu jom\u0101s:<\/p>\n\n\n\n<p>valodu m\u0101c\u012bbu joma,<br>soci\u0101l\u0101 un pilsonisk\u0101 m\u0101c\u012bbu joma,<br>kult\u016bras izpratnes un pa\u0161izpausmes m\u0101ksl\u0101 m\u0101c\u012bbu joma,<br>dabaszin\u0101t\u0146u m\u0101c\u012bbu joma,<br>matem\u0101tikas m\u0101c\u012bbu joma,<br>tehnolo\u0123iju m\u0101c\u012bbu joma,<br>vesel\u012bbas un fizisk\u0101s aktivit\u0101tes m\u0101c\u012bbu joma.<\/p>\n\n\n\n<p>Skola \u012bsteno visp\u0101r\u0113j\u0101s izgl\u012bt\u012bbas programmas, k\u0101 ar\u012b speci\u0101l\u0101s izgl\u012bt\u012bbas programmas izgl\u012btojamiem ar m\u0101c\u012b\u0161an\u0101s trauc\u0113jumiem.<\/p>\n\n\n\n<p>Skol\u0101 notiek gan m\u0101c\u012bbu, gan audzin\u0101\u0161anas darbs, darbojas m\u0101c\u012bbu priek\u0161metu skolot\u0101ji, grupu skolot\u0101ji un kla\u0161u audzin\u0101t\u0101ji, atbalsta person\u0101ls (logop\u0113ds, speci\u0101lais pedagogs, izgl\u012bt\u012bbas psihologs, soci\u0101lais pedagogs), tiek organiz\u0113ti da\u017e\u0101di pas\u0101kumi un aktivit\u0101tes.<\/p>\n\n\n\n<p>\u0160aj\u0101 t\u012bmek\u013cvietn\u0113 var uzzin\u0101t inform\u0101ciju par skolu un pirmsskolas grup\u0101m, jaun\u0101kajiem notikumiem skolas dz\u012bv\u0113, dokumentiem, kontaktinform\u0101ciju u.c. Var skat\u012bt ar\u012b citus skolas komunik\u0101cijas kan\u0101lus, piem\u0113ram, soci\u0101los t\u012bklus.<\/p>\n","protected":false},"excerpt":{"rendered":"<p>Sm\u0101rdes pamatskola (turpm\u0101k tekst\u0101 \u2013 skola) ir pa\u0161vald\u012bbas dibin\u0101ta izgl\u012bt\u012bbas iest\u0101de. Ko dara skola? Skola nodro\u0161ina izgl\u012bt\u012bbas ieguvi pamatizgl\u012bt\u012bbas un pirmsskolas izgl\u012bt\u012bbas l\u012bmen\u012b. Skola str\u0101d\u0101, lai izgl\u012btojamie apg\u016btu valst\u012b noteiktos sasniedzamos rezult\u0101tus septi\u0146\u0101s m\u0101c\u012bbu jom\u0101s: valodu m\u0101c\u012bbu joma,soci\u0101l\u0101 un pilsonisk\u0101 m\u0101c\u012bbu joma,kult\u016bras izpratnes un pa\u0161izpausmes m\u0101ksl\u0101 m\u0101c\u012bbu joma,dabaszin\u0101t\u0146u m\u0101c\u012bbu joma,matem\u0101tikas m\u0101c\u012bbu joma,tehnolo\u0123iju m\u0101c\u012bbu joma,vesel\u012bbas un<a class=\"moretag\" href=\"https:\/\/www.smardesskola.lv\/?page_id=2250\"> Las\u012bt vair\u0101k&#8230;<\/a><\/p>\n","protected":false},"author":1,"featured_media":0,"parent":0,"menu_order":0,"comment_status":"closed","ping_status":"closed","template":"","meta":{"ngg_post_thumbnail":0,"footnotes":""},"class_list":["post-2250","page","type-page","status-publish","hentry"],"_links":{"self":[{"href":"https:\/\/www.smardesskola.lv\/index.php?rest_route=\/wp\/v2\/pages\/2250","targetHints":{"allow":["GET"]}}],"collection":[{"href":"https:\/\/www.smardesskola.lv\/index.php?rest_route=\/wp\/v2\/pages"}],"about":[{"href":"https:\/\/www.smardesskola.lv\/index.php?rest_route=\/wp\/v2\/types\/page"}],"author":[{"embeddable":true,"href":"https:\/\/www.smardesskola.lv\/index.php?rest_route=\/wp\/v2\/users\/1"}],"replies":[{"embeddable":true,"href":"https:\/\/www.smardesskola.lv\/index.php?rest_route=%2Fwp%2Fv2%2Fcomments&post=2250"}],"version-history":[{"count":1,"href":"https:\/\/www.smardesskola.lv\/index.php?rest_route=\/wp\/v2\/pages\/2250\/revisions"}],"predecessor-version":[{"id":2251,"href":"https:\/\/www.smardesskola.lv\/index.php?rest_route=\/wp\/v2\/pages\/2250\/revisions\/2251"}],"wp:attachment":[{"href":"https:\/\/www.smardesskola.lv\/index.php?rest_route=%2Fwp%2Fv2%2Fmedia&parent=2250"}],"curies":[{"name":"wp","href":"https:\/\/api.w.org\/{rel}","templated":true}]}}