{"id":2282,"date":"2024-10-17T21:34:26","date_gmt":"2024-10-17T19:34:26","guid":{"rendered":"https:\/\/www.smardesskola.lv\/?page_id=2282"},"modified":"2025-03-24T13:52:45","modified_gmt":"2025-03-24T11:52:45","slug":"pirmsskola-smardes-pamatskola","status":"publish","type":"page","link":"https:\/\/www.smardesskola.lv\/?page_id=2282","title":{"rendered":"Pirmsskola"},"content":{"rendered":"\n<p style=\"font-size:24px\"><strong><a href=\"https:\/\/www.smardesskola.lv\/?page_id=304\" data-type=\"link\" data-id=\"https:\/\/www.smardesskola.lv\/?page_id=304\">Inform\u0101cija par pirmsskolu<\/a><\/strong><\/p>\n\n\n\n<p style=\"font-size:24px\"><strong><a href=\"https:\/\/www.smardesskola.lv\/?page_id=159\" data-type=\"link\" data-id=\"https:\/\/www.smardesskola.lv\/?page_id=159\">Pirmsskolas izgl\u012bt\u012bbas programmas<\/a><\/strong><\/p>\n\n\n\n<p style=\"font-size:24px\"><strong><a href=\"https:\/\/www.smardesskola.lv\/?page_id=110\" data-type=\"link\" data-id=\"https:\/\/www.smardesskola.lv\/?page_id=110\">Pirmsskolas rindas<\/a><\/strong><\/p>\n\n\n\n<p style=\"font-size:24px\"><strong><a href=\"https:\/\/www.smardesskola.lv\/?page_id=162\" data-type=\"link\" data-id=\"https:\/\/www.smardesskola.lv\/?page_id=162\">Pirmsskolas dokumenti<\/a><\/strong><\/p>\n\n\n\n<p><\/p>\n","protected":false},"excerpt":{"rendered":"<p>Inform\u0101cija par pirmsskolu Pirmsskolas izgl\u012bt\u012bbas programmas Pirmsskolas rindas Pirmsskolas dokumenti<\/p>\n","protected":false},"author":1,"featured_media":0,"parent":0,"menu_order":0,"comment_status":"closed","ping_status":"closed","template":"","meta":{"ngg_post_thumbnail":0,"footnotes":""},"class_list":["post-2282","page","type-page","status-publish","hentry"],"_links":{"self":[{"href":"https:\/\/www.smardesskola.lv\/index.php?rest_route=\/wp\/v2\/pages\/2282","targetHints":{"allow":["GET"]}}],"collection":[{"href":"https:\/\/www.smardesskola.lv\/index.php?rest_route=\/wp\/v2\/pages"}],"about":[{"href":"https:\/\/www.smardesskola.lv\/index.php?rest_route=\/wp\/v2\/types\/page"}],"author":[{"embeddable":true,"href":"https:\/\/www.smardesskola.lv\/index.php?rest_route=\/wp\/v2\/users\/1"}],"replies":[{"embeddable":true,"href":"https:\/\/www.smardesskola.lv\/index.php?rest_route=%2Fwp%2Fv2%2Fcomments&post=2282"}],"version-history":[{"count":4,"href":"https:\/\/www.smardesskola.lv\/index.php?rest_route=\/wp\/v2\/pages\/2282\/revisions"}],"predecessor-version":[{"id":2519,"href":"https:\/\/www.smardesskola.lv\/index.php?rest_route=\/wp\/v2\/pages\/2282\/revisions\/2519"}],"wp:attachment":[{"href":"https:\/\/www.smardesskola.lv\/index.php?rest_route=%2Fwp%2Fv2%2Fmedia&parent=2282"}],"curies":[{"name":"wp","href":"https:\/\/api.w.org\/{rel}","templated":true}]}}