{"id":304,"date":"2022-03-12T13:51:40","date_gmt":"2022-03-12T13:51:40","guid":{"rendered":"https:\/\/www.smardesskola.lv\/?page_id=304"},"modified":"2026-01-30T16:01:20","modified_gmt":"2026-01-30T14:01:20","slug":"informacija-par-pirmsskolu","status":"publish","type":"page","link":"https:\/\/www.smardesskola.lv\/?page_id=304","title":{"rendered":"Inform\u0101cija par pirmsskolu"},"content":{"rendered":"\n<figure class=\"wp-block-image size-large is-resized is-style-rounded\"><img loading=\"lazy\" decoding=\"async\" width=\"1024\" height=\"638\" src=\"http:\/\/www.smardesskola.lv\/wp-content\/uploads\/2022\/03\/WhatsApp-Image-2022-03-12-at-15.57.57-1024x638.jpeg\" alt=\"Pirmsskolas \u0113ka Bi\u0161u iel\u0101 2\" class=\"wp-image-308\" style=\"width:503px;height:auto\" srcset=\"https:\/\/www.smardesskola.lv\/wp-content\/uploads\/2022\/03\/WhatsApp-Image-2022-03-12-at-15.57.57-1024x638.jpeg 1024w, https:\/\/www.smardesskola.lv\/wp-content\/uploads\/2022\/03\/WhatsApp-Image-2022-03-12-at-15.57.57-300x187.jpeg 300w, https:\/\/www.smardesskola.lv\/wp-content\/uploads\/2022\/03\/WhatsApp-Image-2022-03-12-at-15.57.57-768x479.jpeg 768w, https:\/\/www.smardesskola.lv\/wp-content\/uploads\/2022\/03\/WhatsApp-Image-2022-03-12-at-15.57.57-1536x957.jpeg 1536w, https:\/\/www.smardesskola.lv\/wp-content\/uploads\/2022\/03\/WhatsApp-Image-2022-03-12-at-15.57.57.jpeg 1600w\" sizes=\"auto, (max-width: 1024px) 100vw, 1024px\" \/><figcaption class=\"wp-element-caption\">Foto E.Mahte<\/figcaption><\/figure>\n\n\n\n<p>Sm\u0101rdes pamatskol\u0101 darbojas 5 pirmsskolas grupas (1,5 &#8211; 7 gadus veciem b\u0113rniem).<\/p>\n\n\n\n<p>Grupas izvietotas gan Sm\u0101rdes pamatskolas galvenaj\u0101 \u0113k\u0101 (5-7 gadus veciem b\u0113rniem), gan adres\u0113 Bi\u0161u iela 2, Sm\u0101rde (1,5-4 gadus veciem b\u0113rniem).<\/p>\n\n\n\n<div style=\"height:24px\" aria-hidden=\"true\" class=\"wp-block-spacer\"><\/div>\n\n\n\n<p>Lai pieteiktu b\u0113rnu pirmsskol\u0101, j\u0101iest\u0101jas rind\u0101 Tukuma novada Izgl\u012bt\u012bbas p\u0101rvald\u0113, jo pirmsskolas rinda ir centraliz\u0113ta. Interesentus aicin\u0101m ar\u012b sazin\u0101ties ar iest\u0101di pla\u0161\u0101kai inform\u0101cijai (tel. 27818966, smardesskola@tukums.lv). Vair\u0101k inform\u0101cijas sada\u013c\u0101 &#8220;Pirmsskolas rindas&#8221;.<\/p>\n\n\n\n<div style=\"height:27px\" aria-hidden=\"true\" class=\"wp-block-spacer\"><\/div>\n\n\n\n<figure class=\"wp-block-image size-large is-resized is-style-rounded\"><img loading=\"lazy\" decoding=\"async\" width=\"1024\" height=\"768\" src=\"http:\/\/www.smardesskola.lv\/wp-content\/uploads\/2023\/04\/rudens3-1024x768.jpg\" alt=\"B\u0113rni nes d\u0101rze\u0146us\" class=\"wp-image-1344\" style=\"width:390px;height:auto\" srcset=\"https:\/\/www.smardesskola.lv\/wp-content\/uploads\/2023\/04\/rudens3-1024x768.jpg 1024w, https:\/\/www.smardesskola.lv\/wp-content\/uploads\/2023\/04\/rudens3-300x225.jpg 300w, https:\/\/www.smardesskola.lv\/wp-content\/uploads\/2023\/04\/rudens3-768x576.jpg 768w, https:\/\/www.smardesskola.lv\/wp-content\/uploads\/2023\/04\/rudens3-1536x1152.jpg 1536w, https:\/\/www.smardesskola.lv\/wp-content\/uploads\/2023\/04\/rudens3.jpg 2000w\" sizes=\"auto, (max-width: 1024px) 100vw, 1024px\" \/><\/figure>\n\n\n\n<p><strong>M\u0101c\u012bbu saturs tiek apg\u016bts atbilsto\u0161i 7 jom\u0101m:<\/strong><\/p>\n\n\n\n<p>valodu m\u0101c\u012bbu joma;<br>soci\u0101l\u0101 un pilsonisk\u0101 m\u0101c\u012bbu joma;<br>kult\u016bras izpratnes un pa\u0161izpausmes m\u0101ksl\u0101 m\u0101c\u012bbu joma;<br>dabaszin\u0101t\u0146u m\u0101c\u012bbu joma;<br>matem\u0101tikas m\u0101c\u012bbu joma;<br>tehnolo\u0123iju m\u0101c\u012bbu joma;<br>vesel\u012bbas un fizisk\u0101s aktivit\u0101tes m\u0101c\u012bbu joma.<\/p>\n\n\n\n<div style=\"height:24px\" aria-hidden=\"true\" class=\"wp-block-spacer\"><\/div>\n\n\n\n<figure class=\"wp-block-image size-large is-resized is-style-rounded\"><img loading=\"lazy\" decoding=\"async\" width=\"1024\" height=\"683\" src=\"https:\/\/www.smardesskola.lv\/wp-content\/uploads\/2024\/07\/AF_6403-1024x683.jpg\" alt=\"Burtu meiti\u0146a dejo\" class=\"wp-image-2008\" style=\"width:394px;height:auto\" srcset=\"https:\/\/www.smardesskola.lv\/wp-content\/uploads\/2024\/07\/AF_6403-1024x683.jpg 1024w, https:\/\/www.smardesskola.lv\/wp-content\/uploads\/2024\/07\/AF_6403-300x200.jpg 300w, https:\/\/www.smardesskola.lv\/wp-content\/uploads\/2024\/07\/AF_6403-768x512.jpg 768w, https:\/\/www.smardesskola.lv\/wp-content\/uploads\/2024\/07\/AF_6403-1536x1024.jpg 1536w, https:\/\/www.smardesskola.lv\/wp-content\/uploads\/2024\/07\/AF_6403-2048x1366.jpg 2048w\" sizes=\"auto, (max-width: 1024px) 100vw, 1024px\" \/><\/figure>\n\n\n\n<p><strong>M\u0101c\u012bbu programm\u0101 katram pirmsskolas izgl\u012bt\u012bbas posmam atbilst aptuvens b\u0113rna vecums:<\/strong><\/p>\n\n\n\n<p>1. posms \u2013 no 1,5 gadiem l\u012bdz 3 gadiem (pl\u0101notais sasniedzamais rezult\u0101ts noteikts b\u0113rnam pilnu 3 gadu vecum\u0101);<br>2. posms \u2013 no 3 gadiem l\u012bdz 5 gadiem (pl\u0101notais sasniedzamais rezult\u0101ts noteikts b\u0113rnam pilnu 4 gadu vecum\u0101);<br>3. posms \u2013 no 5 gadiem l\u012bdz 6 gadiem (pl\u0101notais sasniedzamais rezult\u0101ts noteikts b\u0113rnam pilnu 6 gadu vecum\u0101 \u2013 l\u012bdz pamatizgl\u012bt\u012bbas uzs\u0101k\u0161anai).<\/p>\n\n\n\n<p><\/p>\n\n\n\n<p><strong>Metodisk\u0101 darba uzdevumi<\/strong> <strong>2025.\/2026. m.g.<\/strong><\/p>\n\n\n\n<p>1.&nbsp;&nbsp;&nbsp;&nbsp;&nbsp;&nbsp;&nbsp;&nbsp; Digit\u0101lo prasmju pilnveide, ievie\u0161ot skolo.lv pirmsskol\u0101.<\/p>\n\n\n\n<p>2.&nbsp;&nbsp;&nbsp;&nbsp;&nbsp;&nbsp;&nbsp;&nbsp; Gatavo\u0161an\u0101s skolas 105. jubilejai&nbsp; &#8211; pilsonisk\u0101s l\u012bdzdal\u012bbas caurviju prasmes iedz\u012bvin\u0101\u0161ana.<\/p>\n\n\n\n<div style=\"height:25px\" aria-hidden=\"true\" class=\"wp-block-spacer\"><\/div>\n\n\n\n<figure class=\"wp-block-image size-large is-resized\"><img loading=\"lazy\" decoding=\"async\" width=\"1024\" height=\"837\" src=\"http:\/\/www.smardesskola.lv\/wp-content\/uploads\/2024\/07\/Uzlime-izgriezts-tikai-attels-245-x-3-cm-2-1024x837.png\" alt=\"logo\" class=\"wp-image-2004\" style=\"width:160px;height:auto\" srcset=\"https:\/\/www.smardesskola.lv\/wp-content\/uploads\/2024\/07\/Uzlime-izgriezts-tikai-attels-245-x-3-cm-2-1024x837.png 1024w, https:\/\/www.smardesskola.lv\/wp-content\/uploads\/2024\/07\/Uzlime-izgriezts-tikai-attels-245-x-3-cm-2-300x245.png 300w, https:\/\/www.smardesskola.lv\/wp-content\/uploads\/2024\/07\/Uzlime-izgriezts-tikai-attels-245-x-3-cm-2-768x628.png 768w, https:\/\/www.smardesskola.lv\/wp-content\/uploads\/2024\/07\/Uzlime-izgriezts-tikai-attels-245-x-3-cm-2.png 1048w\" sizes=\"auto, (max-width: 1024px) 100vw, 1024px\" \/><\/figure>\n\n\n\n<p><strong>Pirmsskolas grupu darbu reglament\u0113jo\u0161i normat\u012bvie akti:<\/strong><\/p>\n\n\n\n<p><a href=\"https:\/\/likumi.lv\/ta\/id\/50759-izglitibas-likums\">Izgl\u012bt\u012bbas likums<\/a><\/p>\n\n\n\n<p><a href=\"https:\/\/likumi.lv\/ta\/id\/20243-visparejas-izglitibas-likums\">Visp\u0101r\u0113j\u0101s izgl\u012bt\u012bbas likums<\/a><\/p>\n\n\n\n<p><a href=\"https:\/\/likumi.lv\/ta\/id\/49096-bernu-tiesibu-aizsardzibas-likums\">B\u0113rnu ties\u012bbu aizsardz\u012bbas likums<\/a><\/p>\n\n\n\n<p><a href=\"https:\/\/likumi.lv\/ta\/lv\/starptautiskie-ligumi\/id\/1150\">B\u0113rnu ties\u012bbu konvencija<\/a><\/p>\n\n\n\n<p><a href=\"https:\/\/likumi.lv\/ta\/id\/283735-izglitojamo-audzinasanas-vadlinijas-un-informacijas-macibu-lidzeklu-materialu-un-macibu-un-audzinasanas-metozu-izvertesanas\">Audzin\u0101\u0161anas vadl\u012bnijas<\/a><\/p>\n\n\n\n<p><a href=\"https:\/\/likumi.lv\/ta\/id\/303371\">Noteikumi par pirmsskolas vadl\u012bnij\u0101m<\/a><\/p>\n\n\n\n<p><a href=\"https:\/\/likumi.lv\/ta\/id\/310939-prasibas-visparejas-izglitibas-iestadem-lai-to-istenotajas-izglitibas-programmas-uznemtu-izglitojamos-ar-specialam-vajadzibam\">MK noteikumi Nr.556<\/a> &#8211; speci\u0101l\u0101s vajadz\u012bbas<\/p>\n\n\n\n<p><a href=\"https:\/\/likumi.lv\/ta\/id\/324383-izglitojamo-specialo-vajadzibu-izvertesanas-metodika-pirmsskolas-izglitibas-iestades\">MK noteikumi Nr.453<\/a> &#8211; speci\u0101lo vajadz\u012bbu noteik\u0161ana<\/p>\n\n\n\n<p><a href=\"https:\/\/likumi.lv\/ta\/id\/316109-kartiba-kada-iestades-ievieto-informaciju-interneta\">MK noteikumi Nr.445<\/a> &#8211; inform\u0101cijas ievieto\u0161ana internet\u0101<\/p>\n\n\n\n<p><a href=\"https:\/\/likumi.lv\/ta\/id\/260057-higienas-prasibas-bernu-uzraudzibas-pakalpojuma-sniedzejiem-un-izglitibas-iestadem-kas-isteno-pirmsskolas-izglitibas-programmu\">MK noteikumi Nr.890<\/a> &#8211; higi\u0113nas pras\u012bbas<\/p>\n\n\n\n<p><a href=\"https:\/\/likumi.lv\/ta\/id\/344779-kartiba-kada-nodrosinama-izglitojamo-profilaktiska-veselibas-aprupe-pirma-palidziba-un-drosiba-izglitibas-iestades\">MK noteikumi Nr.474<\/a> &#8211; dro\u0161\u012bba un vesel\u012bba<\/p>\n\n\n\n<p><a href=\"https:\/\/likumi.lv\/ta\/id\/245300-noteikumi-par-uztura-normam-izglitibas-iestazu-izglitojamiem-socialas-aprupes-un-socialas-rehabilitacijas-instituciju\">MK noteikumi Nr.172<\/a> &#8211; uztura normas<\/p>\n\n\n\n<p><a href=\"https:\/\/likumi.lv\/ta\/id\/301572\">MK noteikumi Nr.569<\/a> &#8211; pedagogu izgl\u012bt\u012bba<\/p>\n\n\n\n<div style=\"height:45px\" aria-hidden=\"true\" class=\"wp-block-spacer\"><\/div>\n\n\n\n<p><strong><em>Iest\u0101dei nav padot\u012bb\u0101 eso\u0161u strukt\u016brvien\u012bbu.<\/em><\/strong><\/p>\n","protected":false},"excerpt":{"rendered":"<p>Sm\u0101rdes pamatskol\u0101 darbojas 5 pirmsskolas grupas (1,5 &#8211; 7 gadus veciem b\u0113rniem). Grupas izvietotas gan Sm\u0101rdes pamatskolas galvenaj\u0101 \u0113k\u0101 (5-7 gadus veciem b\u0113rniem), gan adres\u0113 Bi\u0161u iela 2, Sm\u0101rde (1,5-4 gadus veciem b\u0113rniem). Lai pieteiktu b\u0113rnu pirmsskol\u0101, j\u0101iest\u0101jas rind\u0101 Tukuma novada Izgl\u012bt\u012bbas p\u0101rvald\u0113, jo pirmsskolas rinda ir centraliz\u0113ta. Interesentus aicin\u0101m ar\u012b sazin\u0101ties ar iest\u0101di pla\u0161\u0101kai<a class=\"moretag\" href=\"https:\/\/www.smardesskola.lv\/?page_id=304\"> Las\u012bt vair\u0101k&#8230;<\/a><\/p>\n","protected":false},"author":1,"featured_media":0,"parent":0,"menu_order":0,"comment_status":"closed","ping_status":"closed","template":"","meta":{"ngg_post_thumbnail":0,"footnotes":""},"class_list":["post-304","page","type-page","status-publish","hentry"],"_links":{"self":[{"href":"https:\/\/www.smardesskola.lv\/index.php?rest_route=\/wp\/v2\/pages\/304","targetHints":{"allow":["GET"]}}],"collection":[{"href":"https:\/\/www.smardesskola.lv\/index.php?rest_route=\/wp\/v2\/pages"}],"about":[{"href":"https:\/\/www.smardesskola.lv\/index.php?rest_route=\/wp\/v2\/types\/page"}],"author":[{"embeddable":true,"href":"https:\/\/www.smardesskola.lv\/index.php?rest_route=\/wp\/v2\/users\/1"}],"replies":[{"embeddable":true,"href":"https:\/\/www.smardesskola.lv\/index.php?rest_route=%2Fwp%2Fv2%2Fcomments&post=304"}],"version-history":[{"count":24,"href":"https:\/\/www.smardesskola.lv\/index.php?rest_route=\/wp\/v2\/pages\/304\/revisions"}],"predecessor-version":[{"id":2873,"href":"https:\/\/www.smardesskola.lv\/index.php?rest_route=\/wp\/v2\/pages\/304\/revisions\/2873"}],"wp:attachment":[{"href":"https:\/\/www.smardesskola.lv\/index.php?rest_route=%2Fwp%2Fv2%2Fmedia&parent=304"}],"curies":[{"name":"wp","href":"https:\/\/api.w.org\/{rel}","templated":true}]}}