{"id":56,"date":"2021-10-03T09:55:00","date_gmt":"2021-10-03T09:55:00","guid":{"rendered":"http:\/\/192.168.56.111\/?page_id=56"},"modified":"2024-09-12T15:23:42","modified_gmt":"2024-09-12T13:23:42","slug":"karjeras-izglitiba","status":"publish","type":"page","link":"https:\/\/www.smardesskola.lv\/?page_id=56","title":{"rendered":"Karjeras izgl\u012bt\u012bba"},"content":{"rendered":"\n<figure class=\"wp-block-image size-large is-resized is-style-rounded\"><img loading=\"lazy\" decoding=\"async\" width=\"1024\" height=\"683\" src=\"https:\/\/www.smardesskola.lv\/wp-content\/uploads\/2024\/07\/AF_7218-1024x683.jpg\" alt=\"Karjeras konsultante Sanita Briede un skol\u0113nu klase\" class=\"wp-image-1968\" style=\"width:464px;height:auto\" srcset=\"https:\/\/www.smardesskola.lv\/wp-content\/uploads\/2024\/07\/AF_7218-1024x683.jpg 1024w, https:\/\/www.smardesskola.lv\/wp-content\/uploads\/2024\/07\/AF_7218-300x200.jpg 300w, https:\/\/www.smardesskola.lv\/wp-content\/uploads\/2024\/07\/AF_7218-768x512.jpg 768w, https:\/\/www.smardesskola.lv\/wp-content\/uploads\/2024\/07\/AF_7218-1536x1024.jpg 1536w, https:\/\/www.smardesskola.lv\/wp-content\/uploads\/2024\/07\/AF_7218-2048x1366.jpg 2048w\" sizes=\"auto, (max-width: 1024px) 100vw, 1024px\" \/><figcaption class=\"wp-element-caption\">Foto E.Andersons<\/figcaption><\/figure>\n\n\n\n<p><strong>Pedagogs &#8211; karjeras konsultants Sm\u0101rdes pamatskol\u0101 \u2013 Sanita Briede.<\/strong><\/p>\n\n\n\n<div style=\"height:30px\" aria-hidden=\"true\" class=\"wp-block-spacer\"><\/div>\n\n\n\n<p class=\"has-vivid-green-cyan-color has-text-color has-medium-font-size\"><strong><em>INDIVIDU\u0100L\u0100S KONSULT\u0100CIJAS KARJERAS PL\u0100NO\u0160AN\u0100<\/em><\/strong><br><em>Individu\u0101l\u0101s karjeras konsult\u0101cijas ir paredz\u0113tas visiem Sm\u0101rdes pamatskolas skol\u0113niem, kuriem ir vec\u0101ku at\u013caujas.<\/em><\/p>\n\n\n\n<p>Vec\u0101ku at\u013cauju veidlapas var sa\u0146emt pie pedagoga\u2013karjeras konsultanta (71.kabinet\u0101) vai lejupl\u0101d\u0113t <strong><a href=\"http:\/\/www.smardesskola.lv\/wp-content\/uploads\/2023\/10\/Vecaku-iesniegums_indiv__karjeras_konsultacijam.pdf\">\u0160EIT<\/a> <\/strong>pdf form\u0101t\u0101 vai, ja v\u0113las iesniegt elektroniski, <strong><a href=\"https:\/\/docs.google.com\/document\/d\/12MtIuSt2igGUvDasT-R39-WzsctHm96F\/edit?usp=sharing&amp;ouid=102714101863932847324&amp;rtpof=true&amp;sd=true\">\u0160EIT<\/a><\/strong> dokumenta form\u0101t\u0101 (var rakst\u012bt ar\u012b rokrakst\u0101).<\/p>\n\n\n\n<p>Konsult\u0101cijas notiek Sm\u0101rdes pamatskol\u0101, 71.kabinet\u0101.<\/p>\n\n\n\n<p><strong>Konsult\u0101ciju m\u0113r\u0137is:<\/strong><br>\u2022 pal\u012bdz\u0113t skol\u0113nam noskaidrot savas intereses, sp\u0113jas, apzin\u0101ties eso\u0161\u0101s prasmes un izv\u0113rt\u0113t iepriek\u0161\u0113jo pieredzi;<br>\u2022 sniegt atbalstu turpm\u0101k\u0101s m\u0101c\u012bbu iest\u0101des un izgl\u012bt\u012bbas turpin\u0101\u0161anas izv\u0113l\u0113;<br>\u2022 sniegt atbalstu par skol\u0113nu interes\u0113jo\u0161\u0101m profesij\u0101m, darba uzdevumiem, darba vidi un izgl\u012bt\u012bbas pras\u012bb\u0101m;<br>\u2022 sniegt atbalstu profesion\u0101l\u0101s piem\u0113rot\u012bbas noteik\u0161an\u0101, karjeras pl\u0101na izveid\u0113;<br>\u2022 ja ir nepiecie\u0161ams, konsult\u0113 CV un motiv\u0101cijas v\u0113stules sagatavo\u0161an\u0101;<br>\u2022 ja ir nepiecie\u0161ams, konsult\u0113, k\u0101 sagatavoties turpm\u0101k\u0101s m\u0101c\u012bbu iest\u0101des vai darba vietas (piem., vasaras darbs) intervijai, k\u0101 sevi prezent\u0113t un atbild\u0113t uz jaut\u0101jumiem;<br>\u2022 ja ir nepiecie\u0161ams, konsult\u0113, k\u0101 ar soci\u0101liem port\u0101liem veidot savu t\u0113lu, nesaboj\u0101jot to pusaud\u017eu gados.<br><\/p>\n\n\n\n<p>Konsult\u0101cijai iesp\u0113jams pieteikties, person\u012bgi vienojoties par laiku ar pedagogu-karjeras konsultantu kl\u0101tien\u0113, 71. kabinet\u0101, vai sazinoties e-klases past\u0101 (pedagogs\u2013karjeras konsultants Sanita Briede).<\/p>\n\n\n\n<p><\/p>\n\n\n\n<p><em>(Papildus tam iesp\u0113jams pie skolas psihologa p\u0101rliecin\u0101ties par izv\u0113l\u0113t\u0101s profesijas atbilst\u012bbu person\u012bbai.)<\/em><\/p>\n\n\n\n<div style=\"height:28px\" aria-hidden=\"true\" class=\"wp-block-spacer\"><\/div>\n\n\n\n<p class=\"has-vivid-green-cyan-color has-text-color has-link-color has-medium-font-size wp-elements-f8fb213cd9e2981700e8b9700b3b43da\">Sm\u0101rdes pamatskolas karjeras izgl\u012bt\u012bbas programma pieejama <strong><a href=\"http:\/\/www.smardesskola.lv\/wp-content\/uploads\/2023\/10\/Smardes-pamatskolas-karjeras-izglitibas-programma.pdf\">\u0160EIT<\/a><\/strong>.<\/p>\n\n\n\n<div style=\"height:30px\" aria-hidden=\"true\" class=\"wp-block-spacer\"><\/div>\n\n\n\n<p class=\"has-vivid-green-cyan-color has-text-color has-medium-font-size\"><strong><em>KAS IR KARJERA?<\/em><\/strong><\/p>\n\n\n\n<div style=\"height:17px\" aria-hidden=\"true\" class=\"wp-block-spacer\"><\/div>\n\n\n\n<p><strong>Karjera<\/strong> ir cilv\u0113ka resursu efekt\u012bva izmanto\u0161ana dz\u012bves m\u0113r\u0137u sasnieg\u0161anai, cilv\u0113ka m\u0113r\u0137tiec\u012bga darb\u012bba savu kompeten\u010du pilnveidei un izpausmei visa m\u016b\u017ea garum\u0101. Tas ir nep\u0101rtraukts m\u0101c\u012b\u0161an\u0101s un att\u012bst\u012bbas process, t\u0101 ir cilv\u0113ka virz\u012bba visa m\u016b\u017ea garum\u0101 gan soci\u0101laj\u0101, gan profesion\u0101laj\u0101 jom\u0101.<\/p>\n\n\n\n<p>M\u0113s dz\u012bvojam laikmet\u0101, kur katru gadu rodas jaunas profesijas. T\u0101s profesijas, kas b\u016bs p\u0113c desmit gadiem, \u0161odien nekur v\u0113l nem\u0101ca.<\/p>\n\n\n\n<p>Nepiecie\u0161amo profesion\u0101lo v\u0113lmju un prasmju apzin\u0101\u0161an\u0101s, to sal\u0101go\u0161ana ar iesp\u0113j\u0101m, prasme atbild\u0113t uz jaut\u0101jumiem:<br><strong><em>ko es gribu?<\/em> <em>ko es varu?<\/em> <em>k\u0101 es to varu apg\u016bt?<\/em><\/strong><br>ir&nbsp; karjeras veiksmes pamats.<\/p>\n\n\n\n<div style=\"height:19px\" aria-hidden=\"true\" class=\"wp-block-spacer\"><\/div>\n\n\n\n<p><strong>Karjeras izgl\u012bt\u012bba pal\u012bdz b\u0113rniem un jaunie\u0161iem:<\/strong><br>* izprast sevi;<br>* veidot pa\u0161apzi\u0146u;<br>* att\u012bst\u012bt prasmes;<br>* sam\u0113rot savas intereses, sp\u0113jas, iesp\u0113jas;<br>* apzin\u0101t savas stipr\u0101s un v\u0101jas puses;<br>* pl\u0101not un vad\u012bt savu karjeru;<br>* nov\u0113rt\u0113t darba tirgus priek\u0161roc\u012bbas un tr\u016bkumus;<br>* p\u0113t\u012bt izgl\u012bt\u012bbas iesp\u0113jas;<br>* pie\u0146emt l\u0113mumu.<\/p>\n\n\n\n<div style=\"height:16px\" aria-hidden=\"true\" class=\"wp-block-spacer\"><\/div>\n\n\n\n<p class=\"has-medium-font-size\"><strong><mark style=\"background-color:rgba(0, 0, 0, 0)\" class=\"has-inline-color has-black-color\"><em>DA\u017d\u0100DA KARJERAS IZGL\u012aT\u012aBAS INFORM\u0100CIJA<\/em><\/mark><\/strong><\/p>\n\n\n\n<p><strong><a href=\"http:\/\/www.smardesskola.lv\/wp-content\/uploads\/2023\/03\/document.pdf\">Izgl\u012bt\u012bbas ce\u013cvedis 2023<\/a><\/strong><\/p>\n\n\n\n<p><a href=\"https:\/\/www.karjera.lu.lv\/\" target=\"_blank\" rel=\"noreferrer noopener\"><strong>Latvijas Universit\u0101tes Karjeras centrs<\/strong><\/a> (tostarp pied\u0101v\u0101jums skol\u0113niem un skolu pedagogiem)<\/p>\n\n\n\n<p><strong><a href=\"https:\/\/www.niid.lv\/\" target=\"_blank\" rel=\"noreferrer noopener\">Nacion\u0101l\u0101 izgl\u012bt\u012bbas iesp\u0113ju datub\u0101ze (NIID.LV)<\/a><\/strong><\/p>\n\n\n\n<p><a href=\"https:\/\/www2.nva.gov.lv\/karjera\/testi\/lv\/orientacija\/test\/new_test\" target=\"_blank\" rel=\"noreferrer noopener\"><strong>NVA anketa profesion\u0101lo intere\u0161u noteik\u0161anai<\/strong><\/a><\/p>\n\n\n\n<p><strong><a href=\"https:\/\/www2.nva.gov.lv\/karjera\/testi\/lv\/motivation_research\/test\/new_test\" target=\"_blank\" rel=\"noreferrer noopener\">NVA anketa \u201eMotiv\u0101cijas izp\u0113te \u2013 darba veidu motiv\u0101cija\u201d<\/a><\/strong><\/p>\n\n\n\n<p><strong><a href=\"http:\/\/tests.dreamfoundation.eu\/career-test\/page1\" target=\"_blank\" rel=\"noreferrer noopener\">Karjeras tests (ang\u013cu valod\u0101)<\/a><\/strong><\/p>\n\n\n\n<p><strong><a href=\"https:\/\/www.viacharacter.org\/survey\/account\/register\" target=\"_blank\" rel=\"noreferrer noopener\">Savu stipro pu\u0161u noteik\u0161ana (ang\u013cu valod\u0101)<\/a><\/strong><\/p>\n\n\n\n<p><strong><a href=\"https:\/\/www.youtube.com\/channel\/UCeyFyVRRYaXtOxri4PV4rYg\/videos\" target=\"_blank\" rel=\"noreferrer noopener\">&#8220;Pan\u0101kumu skolas&#8221; video materi\u0101li<\/a><\/strong> (motiv\u0101cija, pan\u0101kumi, sasniegumi&#8230;)<\/p>\n\n\n\n<p><strong><a href=\"https:\/\/www.youtube.com\/watch?v=RyxQPre5pQI\" target=\"_blank\" rel=\"noreferrer noopener\">RTU filmas par da\u017e\u0101diem karjeras aspektiem &#8220;Za\u013cais pipars&#8221; <\/a><\/strong>(sait\u0113 viena filma, bet kopum\u0101 ir vismaz 5)<\/p>\n\n\n\n<p><strong><a href=\"https:\/\/www.riseba.lv\/index.php\/lv\/karjera-un-darbs\/darba-un-prakses-iespejas\/start-strong\" target=\"_blank\" rel=\"noreferrer noopener\">RISEBA video materi\u0101li<\/a><\/strong> (par darba mekl\u0113\u0161anu, CV, darba interviju utt.)<\/p>\n","protected":false},"excerpt":{"rendered":"<p>Pedagogs &#8211; karjeras konsultants Sm\u0101rdes pamatskol\u0101 \u2013 Sanita Briede. INDIVIDU\u0100L\u0100S KONSULT\u0100CIJAS KARJERAS PL\u0100NO\u0160AN\u0100Individu\u0101l\u0101s karjeras konsult\u0101cijas ir paredz\u0113tas visiem Sm\u0101rdes pamatskolas skol\u0113niem, kuriem ir vec\u0101ku at\u013caujas. Vec\u0101ku at\u013cauju veidlapas var sa\u0146emt pie pedagoga\u2013karjeras konsultanta (71.kabinet\u0101) vai lejupl\u0101d\u0113t \u0160EIT pdf form\u0101t\u0101 vai, ja v\u0113las iesniegt elektroniski, \u0160EIT dokumenta form\u0101t\u0101 (var rakst\u012bt ar\u012b rokrakst\u0101). Konsult\u0101cijas notiek Sm\u0101rdes pamatskol\u0101,<a class=\"moretag\" href=\"https:\/\/www.smardesskola.lv\/?page_id=56\"> Las\u012bt vair\u0101k&#8230;<\/a><\/p>\n","protected":false},"author":1,"featured_media":0,"parent":0,"menu_order":0,"comment_status":"closed","ping_status":"closed","template":"","meta":{"ngg_post_thumbnail":0,"footnotes":""},"class_list":["post-56","page","type-page","status-publish","hentry"],"_links":{"self":[{"href":"https:\/\/www.smardesskola.lv\/index.php?rest_route=\/wp\/v2\/pages\/56","targetHints":{"allow":["GET"]}}],"collection":[{"href":"https:\/\/www.smardesskola.lv\/index.php?rest_route=\/wp\/v2\/pages"}],"about":[{"href":"https:\/\/www.smardesskola.lv\/index.php?rest_route=\/wp\/v2\/types\/page"}],"author":[{"embeddable":true,"href":"https:\/\/www.smardesskola.lv\/index.php?rest_route=\/wp\/v2\/users\/1"}],"replies":[{"embeddable":true,"href":"https:\/\/www.smardesskola.lv\/index.php?rest_route=%2Fwp%2Fv2%2Fcomments&post=56"}],"version-history":[{"count":26,"href":"https:\/\/www.smardesskola.lv\/index.php?rest_route=\/wp\/v2\/pages\/56\/revisions"}],"predecessor-version":[{"id":2102,"href":"https:\/\/www.smardesskola.lv\/index.php?rest_route=\/wp\/v2\/pages\/56\/revisions\/2102"}],"wp:attachment":[{"href":"https:\/\/www.smardesskola.lv\/index.php?rest_route=%2Fwp%2Fv2%2Fmedia&parent=56"}],"curies":[{"name":"wp","href":"https:\/\/api.w.org\/{rel}","templated":true}]}}