{"id":57,"date":"2021-10-03T09:55:00","date_gmt":"2021-10-03T09:55:00","guid":{"rendered":"http:\/\/192.168.56.111\/?page_id=57"},"modified":"2024-12-28T13:01:00","modified_gmt":"2024-12-28T11:01:00","slug":"projekti","status":"publish","type":"page","link":"https:\/\/www.smardesskola.lv\/?page_id=57","title":{"rendered":"Projekti"},"content":{"rendered":"\n<p class=\"has-vivid-green-cyan-color has-text-color has-link-color wp-elements-3d7ed720370e42784b34608c3d794f3c\"><strong>GREEN SCHOOL DINING<\/strong> <strong>(ZA\u013b\u0100S SKOLAS \u0112DIN\u0100\u0160ANA)<\/strong><\/p>\n\n\n\n<p>2023. gad\u0101 uzs\u0101kta dal\u012bba Tukuma novada pa\u0161vald\u012bbas \u012bstenotaj\u0101 Interreg projekt\u0101 \u201cGreen School Dining\u201d (partneri &#8211; Smiltenes novads un Igaunijas dienvidu re\u0123iona pa\u0161vald\u012bbas). Projekta \u201cZa\u013c\u0101s skolas \u0113din\u0101\u0161ana\u201d m\u0113r\u0137is ir uzlabot \u0113din\u0101\u0161anas pakalpojumus skol\u0101s un pirmsskolas izgl\u012bt\u012bbas iest\u0101d\u0113s, \u012bpa\u0161u uzman\u012bbu piev\u0113r\u0161ot pla\u0161\u0101kai biolo\u0123isku un vesel\u012bgu produktu izmanto\u0161anai, k\u0101 ar\u012b akt\u012bv\u0101kai skol\u0113nu iesaistei.<\/p>\n\n\n\n<figure class=\"wp-block-image size-large is-resized\"><img loading=\"lazy\" decoding=\"async\" width=\"1024\" height=\"538\" src=\"https:\/\/www.smardesskola.lv\/wp-content\/uploads\/2024\/12\/estlat-1024x538.png\" alt=\"LOGO\" class=\"wp-image-2373\" style=\"width:365px;height:auto\" srcset=\"https:\/\/www.smardesskola.lv\/wp-content\/uploads\/2024\/12\/estlat-1024x538.png 1024w, https:\/\/www.smardesskola.lv\/wp-content\/uploads\/2024\/12\/estlat-300x158.png 300w, https:\/\/www.smardesskola.lv\/wp-content\/uploads\/2024\/12\/estlat-768x403.png 768w, https:\/\/www.smardesskola.lv\/wp-content\/uploads\/2024\/12\/estlat.png 1200w\" sizes=\"auto, (max-width: 1024px) 100vw, 1024px\" \/><\/figure>\n\n\n\n<p class=\"has-vivid-green-cyan-color has-text-color has-link-color wp-elements-2fa11de8c492f6f17d15d5b7eb446db1\"><strong>RIGHTS GIVE US FREEDOM TO DREAM (TIES\u012aBAS SNIEDZ MUMS BR\u012aV\u012aBU SAP\u0145OT)<\/strong><\/p>\n\n\n\n<p>2023.\/2024.m.g. 2.semestr\u012b vec\u0101ko kla\u0161u skol\u0113ni kop\u0101 ar skol\u0113niem no Rum\u0101nijas un Turcijas iesaist\u012bj\u0101s eTwinning projekt\u0101 &#8220;Rights Give Us Freedom to Dream&#8221; (Ties\u012bbas sniedz mums br\u012bv\u012bbu sap\u0146ot). Projekt\u0101 skol\u0113ni las\u012bja divas dai\u013cliterat\u016bras gr\u0101matas un tie\u0161saist\u0113 diskut\u0113ja un pild\u012bja uzdevumus par izlas\u012bto.<\/p>\n\n\n\n<figure class=\"wp-block-image size-full is-resized\"><img loading=\"lazy\" decoding=\"async\" width=\"1024\" height=\"308\" src=\"https:\/\/www.smardesskola.lv\/wp-content\/uploads\/2024\/07\/1654258372_etwinning-logohorizontal-cmyk-1024x308-1.png\" alt=\"logo\" class=\"wp-image-1989\" style=\"width:236px;height:auto\" srcset=\"https:\/\/www.smardesskola.lv\/wp-content\/uploads\/2024\/07\/1654258372_etwinning-logohorizontal-cmyk-1024x308-1.png 1024w, https:\/\/www.smardesskola.lv\/wp-content\/uploads\/2024\/07\/1654258372_etwinning-logohorizontal-cmyk-1024x308-1-300x90.png 300w, https:\/\/www.smardesskola.lv\/wp-content\/uploads\/2024\/07\/1654258372_etwinning-logohorizontal-cmyk-1024x308-1-768x231.png 768w\" sizes=\"auto, (max-width: 1024px) 100vw, 1024px\" \/><\/figure>\n\n\n\n<div style=\"height:24px\" aria-hidden=\"true\" class=\"wp-block-spacer\"><\/div>\n\n\n\n<p class=\"has-black-color has-text-color has-link-color wp-elements-cbe65a46de7a6e614271b821f3251c26\"><strong><mark style=\"background-color:rgba(0, 0, 0, 0)\" class=\"has-inline-color has-vivid-green-cyan-color\">VIENS PLUS VIENS IR DAUDZ<\/mark><\/strong><\/p>\n\n\n\n<p>2021.\/2022.m.g. 1.semestr\u012b Sm\u0101rdes un Lapme\u017eciema pamatskol\u0101s tika \u012bstenots projekts \u201cViens plus viens ir daudz\u201d (nr. VP2021\/1-49). Tas tika finans\u0113ts Jaunatnes politikas valsts programmas 2021.-2023.gadam ietvaros (konkurss \u201cAtbalsts jaunie\u0161iem Covid-19 pand\u0113mijas rad\u012bto seku mazin\u0101\u0161anai\u201d). Projekt\u0101 tika organiz\u0113tas gan grupu nodarb\u012bbas jaunie\u0161iem, gan individu\u0101las konsult\u0101cijas un kou\u010dings.<\/p>\n\n\n\n<figure class=\"wp-block-image size-full is-resized\"><img loading=\"lazy\" decoding=\"async\" width=\"829\" height=\"259\" src=\"http:\/\/www.smardesskola.lv\/wp-content\/uploads\/2022\/03\/Prezentacija1.jpg\" alt=\"logo\" class=\"wp-image-343\" style=\"width:275px;height:86px\" srcset=\"https:\/\/www.smardesskola.lv\/wp-content\/uploads\/2022\/03\/Prezentacija1.jpg 829w, https:\/\/www.smardesskola.lv\/wp-content\/uploads\/2022\/03\/Prezentacija1-300x94.jpg 300w, https:\/\/www.smardesskola.lv\/wp-content\/uploads\/2022\/03\/Prezentacija1-768x240.jpg 768w\" sizes=\"auto, (max-width: 829px) 100vw, 829px\" \/><\/figure>\n\n\n\n<div style=\"height:33px\" aria-hidden=\"true\" class=\"wp-block-spacer\"><\/div>\n\n\n\n<p class=\"has-vivid-green-cyan-color has-text-color has-link-color wp-elements-ce47ee0e10a4f99417092c702aab1ff3\"><strong><mark style=\"background-color:rgba(0, 0, 0, 0)\" class=\"has-inline-color has-vivid-green-cyan-color\">ATBALSTS IZGL\u012aTOJAMO INDIVIDU\u0100LO KOMPETEN\u010cU ATT\u012aST\u012aBAI<\/mark><\/strong><\/p>\n\n\n\n<p>Eiropas Soci\u0101l\u0101 fonda projekts.<\/p>\n\n\n\n<p>Projekta numurs: 8.3.2.2\/16\/I\/001<\/p>\n\n\n\n<p>SAM: 8.3.2. Palielin\u0101t atbalstu visp\u0101r\u0113j\u0101s izgl\u012bt\u012bbas iest\u0101d\u0113m izgl\u012btojamo individu\u0101lo kompeten\u010du att\u012bst\u012bbai<\/p>\n\n\n\n<p>Finans\u0113juma sa\u0146\u0113m\u0113js: Valsts izgl\u012bt\u012bbas satura centrs<\/p>\n\n\n\n<p>\u012asteno\u0161anas laiks: 01.01.2017. \u2013 31.12.2022.<\/p>\n\n\n\n<p>Projekta m\u0113r\u0137is:<\/p>\n\n\n\n<p>Nodro\u0161in\u0101t Latvijas izgl\u012bt\u012bbas pakalpojumu daudzveid\u012bbu, kas balst\u012bti uz individu\u0101l\u0101s m\u0101c\u012bbu pieejas att\u012bst\u012bbu un ievie\u0161anu visp\u0101r\u0113j\u0101s izgl\u012bt\u012bbas iest\u0101d\u0113s, t\u0101d\u0113j\u0101di uzlabojot izgl\u012btojamo kompetences un m\u0101c\u012bbu sasniegumus. 2022.\/2023.m.g. projekt\u0101 Sm\u0101rdes pamatskol\u0101 tiek nodro\u0161in\u0101ts pedagogu pal\u012bgu darbs s\u0101kumskolas klas\u0113s, k\u0101 ar\u012b intere\u0161u izgl\u012bt\u012bbas pulci\u0146\u0161.<\/p>\n\n\n\n<figure class=\"wp-block-image size-full is-resized\"><img loading=\"lazy\" decoding=\"async\" width=\"690\" height=\"149\" src=\"http:\/\/www.smardesskola.lv\/wp-content\/uploads\/2022\/03\/logo_ansambliskrasainai_izdrukai.png\" alt=\"logo\" class=\"wp-image-195\" style=\"width:379px;height:82px\" srcset=\"https:\/\/www.smardesskola.lv\/wp-content\/uploads\/2022\/03\/logo_ansambliskrasainai_izdrukai.png 690w, https:\/\/www.smardesskola.lv\/wp-content\/uploads\/2022\/03\/logo_ansambliskrasainai_izdrukai-300x65.png 300w\" sizes=\"auto, (max-width: 690px) 100vw, 690px\" \/><\/figure>\n\n\n\n<div style=\"height:30px\" aria-hidden=\"true\" class=\"wp-block-spacer\"><\/div>\n\n\n\n<p class=\"has-vivid-green-cyan-color has-text-color has-link-color wp-elements-62b27e70e1e7d5bd517abe3a0aef2592\"><strong><mark style=\"background-color:rgba(0, 0, 0, 0)\" class=\"has-inline-color has-vivid-green-cyan-color\">KOMPETEN\u010cU PIEEJA M\u0100C\u012aBU SATUR\u0100<\/mark><\/strong><\/p>\n\n\n\n<p>Eiropas Soci\u0101l\u0101 fonda projekts<br>Projekta numurs: 8.3.1.1\/16\/I\/002<br>SAM: 8.3.1. Att\u012bst\u012bt kompeten\u010du pieej\u0101 balst\u012btu visp\u0101r\u0113j\u0101s izgl\u012bt\u012bbas saturu<br>\u012asteno\u0161anas laiks: 17.10.2016. \u2013 31.12.2023.<\/p>\n\n\n\n<p>Projekta m\u0113r\u0137is:<\/p>\n\n\n\n<p>Nodro\u0161in\u0101t kompeten\u010du pieej\u0101 balst\u012bta visp\u0101r\u0113j\u0101s izgl\u012bt\u012bbas satura aprob\u0101ciju atbilsto\u0161i visp\u0101r\u0113j\u0101s izgl\u012bt\u012bbas oblig\u0101t\u0101 satura aprakstam un m\u0101c\u012bbu satura ievie\u0161anu pirmsskolas izgl\u012bt\u012bbas, pamatizgl\u012bt\u012bbas un vid\u0113j\u0101s izgl\u012bt\u012bbas pak\u0101p\u0113.<\/p>\n\n\n\n<p>2022.\/2023.m.g. tiek ieviests m\u0101c\u012bbu saturs pirmsskol\u0101 un pamatskol\u0101.<\/p>\n\n\n\n<figure class=\"wp-block-image size-full is-resized\"><img loading=\"lazy\" decoding=\"async\" width=\"690\" height=\"149\" src=\"http:\/\/www.smardesskola.lv\/wp-content\/uploads\/2022\/03\/logo_ansambliskrasainai_izdrukai.png\" alt=\"logo\" class=\"wp-image-195\" style=\"width:355px;height:77px\" srcset=\"https:\/\/www.smardesskola.lv\/wp-content\/uploads\/2022\/03\/logo_ansambliskrasainai_izdrukai.png 690w, https:\/\/www.smardesskola.lv\/wp-content\/uploads\/2022\/03\/logo_ansambliskrasainai_izdrukai-300x65.png 300w\" sizes=\"auto, (max-width: 690px) 100vw, 690px\" \/><\/figure>\n\n\n\n<div style=\"height:32px\" aria-hidden=\"true\" class=\"wp-block-spacer\"><\/div>\n\n\n\n<p class=\"has-vivid-green-cyan-color has-text-color has-link-color wp-elements-faf13cb719d64a9ef5a5a438deb130b1\"><strong><mark style=\"background-color:rgba(0, 0, 0, 0)\" class=\"has-inline-color has-vivid-green-cyan-color\">LATVIJAS SKOLAS SOMA<\/mark><\/strong><\/p>\n\n\n\n<p>Kult\u016brizgl\u012bt\u012bbas programmas \u201cLatvijas skolas soma\u201d m\u0113r\u0137is: dot iesp\u0113ju Latvijas skol\u0113niem iepaz\u012bt Latvijas&nbsp;m\u0101kslas un kult\u016bras norises (m\u016bzik\u0101, te\u0101tr\u012b, dej\u0101, cirk\u0101, vizu\u0101laj\u0101 m\u0101ksl\u0101, kino, arhitekt\u016br\u0101, dizain\u0101, materi\u0101laj\u0101 un nemateri\u0101laj\u0101 kult\u016bras mantojum\u0101, literat\u016br\u0101 un gr\u0101matniec\u012bb\u0101), sasaistot t\u0101s ar m\u0101c\u012bbu un audzin\u0101\u0161anas darbu, t\u0101 mazinot soci\u0101lo nevienl\u012bdz\u012bbu un stiprinot jaun\u0101s paaudzes pilsoniskuma un valstisk\u0101s pieder\u012bbas apzi\u0146u.<\/p>\n\n\n\n<p>Programmas saturu veido daudzveid\u012bgas, profesion\u0101li veidotas kult\u016bras norises, kas dod iesp\u0113ju skol\u0113niem iepaz\u012bt Latvijas m\u0101kslas un kult\u016bras v\u0113rt\u012bbas un laikmet\u012bg\u0101s izpausmes, ko pied\u0101v\u0101 valsts un pa\u0161vald\u012bbu, k\u0101 ar\u012b neatkar\u012bg\u0101s kult\u016bras instit\u016bcijas un rado\u0161ie profesion\u0101\u013ci, un kas iek\u013cautas programmas pied\u0101v\u0101jum\u0101.<\/p>\n\n\n\n<figure class=\"wp-block-image size-full is-resized\"><img loading=\"lazy\" decoding=\"async\" width=\"400\" height=\"134\" src=\"http:\/\/www.smardesskola.lv\/wp-content\/uploads\/2022\/11\/latvijas_skolas_soma_logo_krasains-1.jpg\" alt=\"logo\" class=\"wp-image-1043\" style=\"width:343px;height:auto\" srcset=\"https:\/\/www.smardesskola.lv\/wp-content\/uploads\/2022\/11\/latvijas_skolas_soma_logo_krasains-1.jpg 400w, https:\/\/www.smardesskola.lv\/wp-content\/uploads\/2022\/11\/latvijas_skolas_soma_logo_krasains-1-300x101.jpg 300w\" sizes=\"auto, (max-width: 400px) 100vw, 400px\" \/><\/figure>\n","protected":false},"excerpt":{"rendered":"<p>GREEN SCHOOL DINING (ZA\u013b\u0100S SKOLAS \u0112DIN\u0100\u0160ANA) 2023. gad\u0101 uzs\u0101kta dal\u012bba Tukuma novada pa\u0161vald\u012bbas \u012bstenotaj\u0101 Interreg projekt\u0101 \u201cGreen School Dining\u201d (partneri &#8211; Smiltenes novads un Igaunijas dienvidu re\u0123iona pa\u0161vald\u012bbas). Projekta \u201cZa\u013c\u0101s skolas \u0113din\u0101\u0161ana\u201d m\u0113r\u0137is ir uzlabot \u0113din\u0101\u0161anas pakalpojumus skol\u0101s un pirmsskolas izgl\u012bt\u012bbas iest\u0101d\u0113s, \u012bpa\u0161u uzman\u012bbu piev\u0113r\u0161ot pla\u0161\u0101kai biolo\u0123isku un vesel\u012bgu produktu izmanto\u0161anai, k\u0101 ar\u012b akt\u012bv\u0101kai skol\u0113nu<a class=\"moretag\" href=\"https:\/\/www.smardesskola.lv\/?page_id=57\"> Las\u012bt vair\u0101k&#8230;<\/a><\/p>\n","protected":false},"author":1,"featured_media":0,"parent":0,"menu_order":0,"comment_status":"closed","ping_status":"closed","template":"","meta":{"ngg_post_thumbnail":0,"footnotes":""},"class_list":["post-57","page","type-page","status-publish","hentry"],"_links":{"self":[{"href":"https:\/\/www.smardesskola.lv\/index.php?rest_route=\/wp\/v2\/pages\/57","targetHints":{"allow":["GET"]}}],"collection":[{"href":"https:\/\/www.smardesskola.lv\/index.php?rest_route=\/wp\/v2\/pages"}],"about":[{"href":"https:\/\/www.smardesskola.lv\/index.php?rest_route=\/wp\/v2\/types\/page"}],"author":[{"embeddable":true,"href":"https:\/\/www.smardesskola.lv\/index.php?rest_route=\/wp\/v2\/users\/1"}],"replies":[{"embeddable":true,"href":"https:\/\/www.smardesskola.lv\/index.php?rest_route=%2Fwp%2Fv2%2Fcomments&post=57"}],"version-history":[{"count":20,"href":"https:\/\/www.smardesskola.lv\/index.php?rest_route=\/wp\/v2\/pages\/57\/revisions"}],"predecessor-version":[{"id":2376,"href":"https:\/\/www.smardesskola.lv\/index.php?rest_route=\/wp\/v2\/pages\/57\/revisions\/2376"}],"wp:attachment":[{"href":"https:\/\/www.smardesskola.lv\/index.php?rest_route=%2Fwp%2Fv2%2Fmedia&parent=57"}],"curies":[{"name":"wp","href":"https:\/\/api.w.org\/{rel}","templated":true}]}}